70)). Suppose 2*w - 8 = y + 240, y - 606 = -f*w. What is the tens digit of w?
2
Let d = 232 + -219. Suppose 3686 = d*u + 722. What is the tens digit of u?
2
Let h = -14 + 21. Suppose -10*c + 15 = -h*c. Suppose c*o - 214 = 3*o. What is the units digit of o?
7
Let p(c) = -356*c**3 + 53*c**2 + 309*c + 71. What is the tens digit of p(-6)?
2
Let a(f) = f**3 + 7*f**2 - 18*f + 12. Suppose -6*u = 35 + 19. Let w be a(u). What is the units digit of 2/((-2 - -5)/w)?
8
Let h(v) = -5 - 530*v + 12 + 1072*v + 17*v**2 - 545*v. Suppose 0 = g - 2 - 1. What is the tens digit of h(g)?
5
Suppose 0 = -8*t + 4*t - 3*x + 387, 68 = t - 5*x. Suppose 0 = -6*s + 3*s + t. What is the tens digit of s?
3
Let y = -4987 + 10394. What is the thousands digit of y?
5
Let j = -209 - -199. What is the tens digit of ((-1615)/j)/(0 - (-2)/4)?
2
Suppose -4*g + 47 - 153 = -3*q, 3*q = 5*g + 104. Suppose 5*a = -20, 4*a + q + 747 = w. What is the units digit of w?
9
Let p be 49 - (5 + (-8)/8). Suppose -3*a - 4*y + 416 = a, 0 = 5*a + 4*y - 522. Let h = a - p. What is the tens digit of h?
6
Let w = 3943 + -1076. What is the hundreds digit of w?
8
Suppose -r - 23946 - 22334 = -4*i, 5*i - 57850 = r. What is the ten thousands digit of i?
1
Suppose -2*g = -5*a - 6*g - 177, -189 = 5*a - 2*g. Let z = a + 32. What is the units digit of (6/(-3))/2*z?
5
Suppose -342*a = 239*a - 3380839. What is the tens digit of a?
1
What is the tens digit of ((-20772)/(-30))/((-2)/(-5))?
3
Suppose 5*j = -2*w - 283, -5*j + 2*w + 2*w - 289 = 0. Let i be (-46)/(-8) - (j/(-12) - 5). What is the tens digit of (4/i)/((-1700)/(-1695) - 1)?
2
Let s(k) = 64*k**2 - 60*k + 232. What is the tens digit of s(12)?
2
Let d(n) = n**2 + 14*n - 6. Let l be (-4)/38 - 3962/266. Let v be d(l). Suppose 2*p = -4*y + 28, p + 3*y = -0 + v. What is the tens digit of p?
2
Let u = 1357 - 560. Suppose -261 = h + 2*r - u, -h = r - 541. What is the units digit of h?
6
Let j(v) = 4410*v + 1147. What is the units digit of j(7)?
7
Suppose 0 = -20*t - 3876 + 15976. Let f = t + -306. What is the hundreds digit of f?
2
Let f be (-10)/5*-1 - -828. Suppose 0 = 3*t + 12, -3*j - 4*t + 0*t + f = 0. Suppose -2*s = -8*s + j. What is the units digit of s?
7
Let f be ((-86)/(-2))/1 + 0/(-2). Let i = -44 + f. What is the tens digit of i*(-116)/(-6)*(-18)/12?
2
Suppose -22 - 14 = -6*a. What is the hundreds digit of (-103)/6*a/(-1 + 0)?
1
Suppose 0 = 2*s - 2*k - 20598, -9*k + 20642 = 34*s - 32*s. What is the ten thousands digit of s?
1
Let y(i) = -i**3 - 5*i**2 - 11*i - 51. Let w be y(-5). Suppose -3*b = -5*b + w*m + 338, 5*b - 5*m = 830. What is the tens digit of b?
6
Suppose -56*a + 0*a - 8*a = -265280. What is the tens digit of a?
4
Let t = 4 + 18. Suppose t*d = 17*d + 10. Suppose 4*g - 5*n - 573 = 0, 3*g - 8 = d*n + 413. What is the units digit of g?
7
Suppose -18*q = -851 - 2605. Let h = q + 61. What is the tens digit of h?
5
Suppose -117*w + 116*w = -8. Suppose 1447 + 649 = w*z. What is the tens digit of z?
6
Let m(o) be the first derivative of -13*o**4/4 + 5*o**3/3 + 17*o**2 + 5*o - 68. What is the tens digit of m(-4)?
8
Suppose 320*g + d + 218924 = 325*g, 0 = -3*g - 5*d + 131388. What is the tens digit of g?
8
Let s = -8 + 10. Suppose -s*b - 83 = 41. What is the tens digit of -3 + 6 + (1 - b)?
6
Suppose -5565*w = -5572*w + 15547. What is the tens digit of w?
2
Let v(u) = 13*u**2 + u - 4. Let d = 55 + -50. Let i be v(d). Let o = i - 230. What is the units digit of o?
6
Let y(k) = k + 6. Let p be y(-4). Let o(z) = 11*z**p + 15 - 139*z + 286*z - 139*z. What is the units digit of o(-2)?
3
Let q(d) = -463*d + 416. What is the hundreds digit of q(-14)?
8
Let f be 153 + (2 - (-3 + 4) - -2). Let n = f + 150. What is the units digit of n?
6
Suppose 4*f - 46287 = -i, -i + 1 = -6. What is the thousands digit of f?
1
Let s(d) = 11*d - 49. Let w(i) = -i**2 + 8*i - 3. Let z be w(6). Let k be s(z). Suppose y = k + 3. What is the tens digit of y?
5
Let j = -21296 - -32642. What is the hundreds digit of j?
3
Suppose 3*m = -m + 1052. Suppose 0 = -5*h - 133 - 502. Let a = m + h. What is the hundreds digit of a?
1
Let x = -38640 + 108996. What is the tens digit of x?
5
Suppose -336 = -u - 11*u. What is the hundreds digit of 16944/u + (-2)/(1*14)?
6
Let k be 166/(0/1 + 6/(-480)). What is the hundreds digit of (k/120)/(1/(-3)*1)?
3
Let b(j) = 26*j + 65. Let y be b(28). Suppose -3*x - v = -475, -2*x + 7*x = -2*v + y. What is the hundreds digit of x?
1
Let r be (-733)/(-5) - (-21)/(-35). Suppose 4*u + 116 = -4*h - 32, -4*h - 5*u = r. Let x = -30 - h. What is the units digit of x?
9
Let y(l) = 5*l + 47. Let q be y(-8). What is the hundreds digit of 411 + 0*q/42?
4
Let p = -421 + 421. Suppose -3*f = l - 1510 - 2802, p = 4*l - 4. What is the tens digit of f?
3
Suppose 99 = -2*y + 5*p, -5*y = -2*p + p + 213. Let d = y + 45. Suppose 0*j = d*k + 3*j - 60, 0 = -2*j + 2. What is the tens digit of k?
1
Let v(y) = y**2 + y - 31. Let r be v(13). Let t = r + -32. Suppose 7*l - 4*l = m + t, 25 = -5*m. What is the tens digit of l?
3
Let c(u) = -64 + 66 + 41 - 23*u. What is the hundreds digit of c(-31)?
7
Suppose -6*u = -8*u + 18. Suppose -5*h = k - u, 0*k + 9 = k + 4*h. Suppose q = 4 + k. What is the units digit of q?
3
Let w(a) = -2*a**2 - 75*a + 1. What is the hundreds digit of w(-15)?
6
Let z(f) = 19*f + 13. Let j = -4 + 21. Let a be z(j). Suppose 4*k + 76 - a = 0. What is the tens digit of k?
6
Let i = 21339 - 15045. What is the tens digit of i?
9
Suppose 3*v - 3398 = -d, -9 + 24 = -3*v. Let b = -2423 + d. What is the tens digit of b?
9
Suppose -3*n + 6*n + 3 = -w, 0 = -n - 1. Suppose 27*b - 20*b - 2996 = w. What is the tens digit of b?
2
Let l be 548*(4/(-6))/(8/(-6)). Let j = l + -237. What is the tens digit of j?
3
Suppose -5*y + 4038 = z, -23285 + 3227 = -5*z - 3*y. What is the hundreds digit of z?
0
Let f = 73 - 127. Let w = f - -69. What is the units digit of 62/(-4)*(13 - w)?
1
Suppose -20 = -29*y + 25*y. Suppose -i + y*z + 5 = 2*i, -4*i = 3*z - 26. Suppose -i*s = -8*s - 5*l + 209, -4*l + 284 = 4*s. What is the units digit of s?
3
Suppose -5422 = -o - 2*g - 150, -4*g = 4*o - 21088. What is the hundreds digit of o?
2
Let c = 409 - 406. Suppose -2*d + 3266 = c*u, 3*d - u - 1676 - 3245 = 0. What is the thousands digit of d?
1
What is the tens digit of (-19)/(19/(-12))*2998/8?
9
Let c be (-2)/(-4) + 262/4. Let h be 2 + 8 - 6440/(-70). Let l = h - c. What is the tens digit of l?
3
Let r(b) = -744*b + 18. Let s be r(-8). Suppose -8*k + s - 258 = 0. Suppose w + 6*w = k. What is the hundreds digit of w?
1
Let t(v) = -8*v**2 + v. Let w be t(1). Let g(n) = -5*n**2 - 8*n + 9. Let j be g(w). What is the units digit of (-2)/(-1) - j - (11 + -13)?
4
Let v be 3*(-3)/(4 - 1) + 4. Let h be 1 - 3 - (v - -49). Let b = -30 - h. What is the units digit of b?
2
Suppose 5*a = 2*a + 39. Suppose 3*x - 467 = -2*g, -946 = -4*g - a*x + 11*x. What is the units digit of g?
8
Suppose 317*u - 801 = 308*u. What is the tens digit of u?
8
Let t(b) = -b**2 + 83. Let k be t(9). Suppose -5*f - 783 = -u, 5*u - k*f - 1165 - 2704 = 0. What is the tens digit of u?
7
Let t(v) = 51*v + 73*v**2 + 121*v**2 + 25 + v**3 + 14 - 163*v**2. What is the tens digit of t(-29)?
4
Let i(a) = 158*a**3 + a**2 + 53*a - 440. What is the units digit of i(7)?
4
Suppose 56*f + 60*f - 1309787 = 9*f. What is the thousands digit of f?
2
Let j = -11816 - -12571. What is the tens digit of j?
5
What is the units digit of 20/((-32)/8) + 44?
9
Suppose 11*x = -3*l + 15*x + 38493, 3*x = -3*l + 38472. What is the thousands digit of l?
2
Let s(k) be the second derivative of k**5/20 - k**4/3 + 2*k**3/3 - 15*k**2/2 - 23*k. Let l be s(6). Let n = 250 - l. What is the tens digit of n?
6
Suppose 2*d - 4*u - 5798 - 400 = 0, 4*d - 12366 = -2*u. What is the thousands digit of d?
3
Let p = 59075 - 20901. What is the ten thousands digit of p?
3
Suppose -4*h + 33 = -23. Let a be 84/(-20)*(-7 - -2). Let c = a - h. What is the units digit of c?
7
Let o = -9572 + 13560. What is the thousands digit of o?
3
Let c(o) = 8*o + 98. Let x be c(-10). Let s(z) = z**2 + 15*z - 44. What is the hundreds digit of s(x)?
5
Suppose -3*p + 547 = -659. Suppose -p = 2*h + h. Let j = -68 - h. What is the tens digit of j?
6
Let u(c) be the first derivative of 1/4*c**4 + c + 0*c**2 - 1/